e highest common factor of 395483089 and 758?
379
What is the greatest common divisor of 121020 and 4800?
60
What is the highest common divisor of 3866 and 5058661?
1933
Calculate the highest common factor of 10167 and 1280431980.
10167
What is the highest common factor of 60472160 and 4480?
1120
Calculate the greatest common factor of 3304882 and 28.
14
Calculate the highest common divisor of 493125 and 3075.
75
What is the greatest common divisor of 12470 and 351625?
145
Calculate the greatest common divisor of 140 and 758267125.
35
What is the greatest common factor of 2126278 and 385?
77
What is the greatest common divisor of 28656 and 411872?
16
What is the highest common factor of 41518624 and 224?
224
What is the greatest common divisor of 2685 and 1752405?
15
What is the highest common divisor of 4862963 and 569033?
3491
What is the highest common factor of 72248 and 3755254?
1642
What is the greatest common factor of 30250567 and 1943?
1943
Calculate the highest common divisor of 69318990 and 5499.
117
What is the greatest common divisor of 6288 and 11024305?
131
Calculate the highest common factor of 36229062 and 2784.
174
What is the highest common factor of 82628430 and 780?
30
What is the highest common divisor of 6705088 and 39104?
832
What is the highest common divisor of 76 and 1230264820?
76
What is the greatest common factor of 179140 and 4953221?
8957
Calculate the greatest common factor of 8 and 6879858.
2
Calculate the greatest common divisor of 8710 and 4962690.
670
What is the highest common factor of 10290 and 107065?
245
What is the highest common factor of 12 and 651221500?
4
Calculate the greatest common factor of 168640556 and 3332.
196
Calculate the highest common factor of 41958 and 231210.
126
What is the highest common factor of 97616 and 4752?
16
What is the highest common factor of 810 and 6634170?
270
Calculate the highest common divisor of 544 and 2140912.
272
Calculate the highest common divisor of 23809 and 17896979.
821
Calculate the highest common factor of 49475236 and 340.
68
Calculate the highest common divisor of 24 and 86767896.
24
Calculate the highest common factor of 80868 and 140691.
69
Calculate the highest common factor of 4963 and 176528947.
4963
What is the highest common factor of 8128398 and 546?
6
Calculate the highest common factor of 10065419 and 91.
91
What is the highest common divisor of 1 and 1813367?
1
Calculate the highest common factor of 900055 and 1365.
65
Calculate the highest common divisor of 51543 and 131057.
83
Calculate the highest common divisor of 34584 and 3680052.
1572
What is the highest common divisor of 216792 and 60120?
72
What is the highest common factor of 889110325 and 25?
25
What is the greatest common factor of 1041 and 204987474?
1041
Calculate the greatest common factor of 4631886 and 306.
18
What is the greatest common factor of 8288832 and 7176?
552
What is the highest common factor of 4501284 and 469248?
564
Calculate the greatest common divisor of 7811 and 241849.
73
What is the greatest common factor of 3330 and 2602062?
666
What is the highest common divisor of 15057 and 20473218?
2151
What is the highest common divisor of 945 and 71867655?
135
What is the highest common divisor of 83 and 106279840?
83
What is the greatest common factor of 81513573 and 7305?
1461
What is the highest common factor of 3013 and 11753?
23
Calculate the greatest common divisor of 7380 and 11010.
30
What is the greatest common divisor of 5307633 and 621?
27
What is the greatest common divisor of 24730 and 46967216?
4946
Calculate the highest common factor of 462108 and 14550.
582
Calculate the greatest common divisor of 1078 and 242109.
49
Calculate the highest common divisor of 66742 and 6371294.
5134
Calculate the highest common factor of 19761915 and 150.
15
Calculate the highest common divisor of 91304 and 267448.
808
Calculate the greatest common divisor of 12166 and 72489373.
869
What is the greatest common factor of 1522 and 66771662?
1522
What is the highest common divisor of 58 and 219030997?
29
What is the highest common divisor of 338 and 6060795?
13
What is the greatest common divisor of 202744347 and 195?
39
Calculate the highest common factor of 67438 and 7574.
14
What is the greatest common factor of 654380 and 19580?
20
Calculate the highest common divisor of 7956 and 120456.
36
Calculate the highest common divisor of 12528 and 11997072.
432
What is the highest common factor of 1215799680 and 12396?
12396
What is the highest common divisor of 622210 and 155660?
430
What is the highest common divisor of 6815704 and 70?
14
What is the highest common factor of 645 and 181784865?
645
What is the highest common factor of 22144664 and 496?
248
Calculate the highest common divisor of 9714 and 924.
6
Calculate the greatest common factor of 16271418 and 1338.
1338
What is the greatest common divisor of 166602 and 72894?
6
What is the highest common divisor of 2144660 and 6384?
28
Calculate the greatest common divisor of 8590 and 124963025.
4295
What is the highest common factor of 165765329 and 3734?
1867
What is the highest common divisor of 8 and 435015116?
4
What is the highest common factor of 46584 and 5841763?
647
Calculate the greatest common factor of 93724 and 2.
2
What is the greatest common factor of 106624 and 326487?
49
What is the greatest common factor of 897452242 and 148?
74
Calculate the highest common factor of 14757446 and 84194.
1958
What is the greatest common factor of 5268684438 and 3842?
3842
Calculate the highest common factor of 10425 and 175970525.
3475
Calculate the highest common factor of 286 and 2566798.
26
Calculate the greatest common factor of 184842 and 854.
14
Calculate the greatest common factor of 10 and 234974350.
10
Calculate the highest common factor of 1418 and 137736721.
709
Calculate the greatest common factor of 5356 and 1213854382.
2678
What is the highest common factor of 43162449 and 187?
11
Calculate the highest common factor of 67996 and 863320.
764
What is the highest common divisor of 639250 and 98650?
50
What is the highest common divisor of 15398366 and 10524?
1754
What is the greatest common divisor of 9179624 and 8?
8
Calculate the highest common factor of 4463925 and 12375.
75
Calculate the highest common divisor of 790330 and 230.
10
Calculate the highest common divisor of 347400 and 792.
72
Calculate the highest common factor of 1868100 and 4332900.
3900
Calculate the highest common divisor of 8162909 and 4379.
151
What is the greatest common divisor of 333824 and 5199872?
2048
Calculate the highest common divisor of 1776 and 1884114.
222
What is the greatest common divisor of 1935840 and 330270?
3270
What is the highest common divisor of 506 and 4100302?
46
What is the greatest common factor of 74659824 and 864?
144
Calculate the highest common factor of 105714364 and 136.
68
Calculate the greatest common divisor of 47449 and 12029.
23
Calculate the highest common factor of 372 and 1848220.
124
What is the greatest common factor of 15 and 24213445?
5
Calculate the highest common divisor of 594 and 19103337.
297
Calculate the highest common factor of 286661 and 3126759.
1657
What is the greatest common factor of 10944 and 7922088?
1368
What is the greatest common factor of 460530 and 7497?
1071
What is the greatest common divisor of 4581680 and 928?
16
Calculate the greatest common divisor of 126417 and 138.
3
What is the highest common factor of 1612233 and 18?
9
Calculate the greatest common divisor of 173 and 768439877.
173
Calculate the greatest common divisor of 42220 and 912260.
20
What is the greatest common factor of 4385 and 41393523?
877
What is the greatest common divisor of 1124160 and 5620?
20
Calculate the greatest common factor of 573912 and 1944.
216
What is the greatest common divisor of 57638925 and 15300?
3825
Calculate the greatest common factor of 933493 and 28589.
1243
What is the highest common factor of 73796 and 17480?
76
Calculate the highest common divisor of 2895 and 45835956.
579
What is the highest common factor of 2526 and 4983432?
6
What is the greatest common factor of 43783983 and 2430?
243
Calculate the greatest common factor of 266 and 9345238.
14
Calculate the highe